{"id":612,"date":"2018-12-22T17:56:13","date_gmt":"2018-12-22T17:56:13","guid":{"rendered":"http:\/\/kebigrafie.de\/?page_id=612"},"modified":"2023-05-30T17:04:48","modified_gmt":"2023-05-30T17:04:48","slug":"preise","status":"publish","type":"page","link":"http:\/\/kebigrafie.de\/?page_id=612","title":{"rendered":"Preise \/ Leistungen"},"content":{"rendered":"\n<div style=\"height:100px\" aria-hidden=\"true\" class=\"wp-block-spacer\"><\/div>\n\n\n\n<p class=\"has-huge-font-size\"><strong>Preise \/ Leistungen<\/strong><\/p>\n\n\n\n<h3 class=\"wp-block-heading\"><strong><span class=\"has-inline-color has-vivid-red-color\"><strong>Pferdeshooting<\/strong> Basic 199,-\u20ac*<\/span><\/strong><\/h3>\n\n\n\n<ul class=\"wp-block-list\">\n<li>Telefonische Besprechung und Beratung des individuellen Fotoshootings. Das Shooting wird auf die eigenen W\u00fcnsche zugeschnitten (zB Dein Pferd im Portrait, Pferd\/Mensch, Dein Pferd in der Bewegung, unter dem Sattel, oder auch eigene Ideen).<\/li>\n\n\n\n<li>Freie Anfahrt im Umkreis von 25km ab 45133 Essen. Jeder weitere gefahrene Kilometer wird mit 0,30\u20ac berechnet.<\/li>\n\n\n\n<li>Ca. 2 Stunden Fotoshooting vor Ort an der Wunschlocation (je nach Aufmerksamkeitsspanne des Pferdes).<\/li>\n\n\n\n<li>8 professionell bearbeitete Bilder in Farbe auf CD gebrannt, zur privaten Nutzung aus einer Auswahl aller gelungenen Bilder.<\/li>\n\n\n\n<li>Weitere Bilder k\u00f6nnen gegen Aufpreis erworben werden.<\/li>\n\n\n\n<li>Alle erworbenen Fotos als Abz\u00fcge in 15cm x 21cm auf Spezialpapier der Firma Fujifilm.<\/li>\n\n\n\n<li>Geschenkbox<\/li>\n\n\n\n<li>Eine kleine \u00dcberraschung<\/li>\n<\/ul>\n\n\n\n<h3 class=\"wp-block-heading\"><span style=\"color: #993366;\"><strong><span class=\"has-inline-color has-vivid-red-color\">Pferdeshooting im mobilen Studio 199,-\u20ac*<\/span><\/strong><\/span><\/h3>\n\n\n\n<ul class=\"wp-block-list\">\n<li>Telefonische Besprechung und Beratung des individuellen Fotoshootings. Das Shooting wird auf die eigenen W\u00fcnsche zugeschnitten (zB Dein Pferd im Portrait, Pferd\/Mensch, themenbezogene Bilder oder auch eigene Ideen). Das alles in meinem mobilen Studio vor schwarzem Hintergrund.<\/li>\n\n\n\n<li>Freie Anfahrt im Umkreis von 25km ab 45133 Essen. Jeder weitere gefahrene Kilometer wird mit 0,30\u20ac berechnet.<\/li>\n\n\n\n<li>Ca. 2 Stunden Fotoshooting vor Ort (je nach Aufmerksamkeitsspanne des Pferdes).<\/li>\n\n\n\n<li>6 professionell bearbeitete Bilder in Farbe auf CD gebrannt, zur privaten Nutzung aus einer Auswahl aller gelungenen Bilder.<\/li>\n\n\n\n<li>Weitere Bilder k\u00f6nnen gegen Aufpreis erworben werden.<\/li>\n\n\n\n<li>Alle erworbenen Fotos als Abz\u00fcge in 15cm x 21cm auf Spezialpapier der Firma Fujifilm.<\/li>\n\n\n\n<li>Geschenkbox<\/li>\n\n\n\n<li>Eine kleine \u00dcberraschung<\/li>\n<\/ul>\n\n\n\n<h3 class=\"wp-block-heading\"><strong><span style=\"color: #993366;\"><span class=\"has-inline-color has-vivid-red-color\">Hundeshooting Basic 199,-\u20ac*<\/span><\/span><br><\/strong><\/h3>\n\n\n\n<ul class=\"wp-block-list\">\n<li>Telefonische Besprechung und Beratung des individuellen Fotoshootings. Das Shooting wird auf die eigenen W\u00fcnsche zugeschnitten (zB Dein Hund im Portrait, Hund\/Mensch, Dein Hund in der Bewegung, oder auch eigene Ideen).<\/li>\n\n\n\n<li>Freie Anfahrt im Umkreis von 25km ab 45133 Essen. Jeder weitere gefahrene Kilometer wird mit 0,30\u20ac berechnet.<\/li>\n\n\n\n<li>Ca. 2 Stunden Fotoshooting vor Ort an der Wunschlocation (je nach Aufmerksamkeitsspanne des Hundes).<\/li>\n\n\n\n<li>8 professionell bearbeitete Bilder in Farbe auf CD gebrannt, zur privaten Nutzung aus einer Auswahl aller gelungenen Bilder.<\/li>\n\n\n\n<li>Weitere Bilder k\u00f6nnen gegen Aufpreis erworben werden.<\/li>\n\n\n\n<li>Alle erworbenen Fotos als Abz\u00fcge in 15cm x 21cm auf Spezialpapier der Firma Fujifilm.<\/li>\n\n\n\n<li>Geschenkbox<\/li>\n\n\n\n<li>Eine kleine \u00dcberraschung<\/li>\n<\/ul>\n\n\n\n<h3 class=\"wp-block-heading\"><strong><span style=\"color: #993366;\"><span class=\"has-inline-color has-vivid-red-color\">Hundeshooting im Studio 199,-\u20ac*<\/span><\/span><br><\/strong><\/h3>\n\n\n\n<ul class=\"wp-block-list\">\n<li>Telefonische Besprechung und Beratung des individuellen Fotoshootings. Das Shooting wird auf die eigenen W\u00fcnsche zugeschnitten (zB Dein Hund im Portrait, Hund\/Mensch, themenbezogene Bilder oder auch eigene Ideen).<\/li>\n\n\n\n<li>Ca. 2 Stunden Fotoshooting vor Ort (je nach Aufmerksamkeitsspanne des Hundes).<\/li>\n\n\n\n<li>6 professionell bearbeitete Bilder in Farbe auf CD gebrannt, zur privaten Nutzung aus einer Auswahl aller gelungenen Bilder.<\/li>\n\n\n\n<li>Weitere Bilder k\u00f6nnen gegen Aufpreis erworben werden.<\/li>\n\n\n\n<li>Alle erworbenen Fotos als Abz\u00fcge in 15cm x 21cm auf Spezialpapier der Firma Fujifilm.<\/li>\n\n\n\n<li>Geschenkbox<\/li>\n\n\n\n<li>Eine kleine \u00dcberraschung<\/li>\n<\/ul>\n\n\n\n<h3 class=\"wp-block-heading\"><span style=\"color: #993366;\"><span class=\"has-inline-color has-vivid-red-color\">Individuelle Fotoshootings, auf Anfrage<\/span><\/span><\/h3>\n\n\n\n<ul class=\"wp-block-list\">\n<li>Turnierbegleitung (ich begleite Euch mit meiner Kamera einen Turniertag lang)<\/li>\n\n\n\n<li>Fotoparty (ab 4 Teilnehmern komme ich zu Euch an den Stall oder zum Hundeplatz und bringe mein &#8222;mobiles Studio&#8220; mit). Als Organisator der Fotoparty bekommst Du ein zus\u00e4tzliches Foto und ein kleines Geschenk. Ausserdem profitiert ihr von g\u00fcnstigeren Konditionen.<\/li>\n\n\n\n<li>Turnierfotografin f\u00fcr das n\u00e4chste grosse Vereinsevent (Reitturnier, Hundepr\u00fcfung, Training, Seminare)<\/li>\n\n\n\n<li>Individuelle Fotoworkshops in kleinen Gruppen oder exclusive Einzelworkshops buchbar<\/li>\n<\/ul>\n\n\n\n<h3 class=\"wp-block-heading\"><span style=\"color: #993366;\"><span class=\"has-inline-color has-vivid-red-color\">Optional \/ Zusatzleistungen<\/span><br><\/span><\/h3>\n\n\n\n<ul class=\"wp-block-list\">\n<li><a href=\"http:\/\/kebigrafie.de\/?attachment_id=423\">Traumkleid<\/a> (inkl. Reinigung, Haarschmuck, Blumenkr\u00e4nze etc.) 30,-\u20ac*<\/li>\n\n\n\n<li><a href=\"http:\/\/kebigrafie.de\/?attachment_id=94\">Goldener Bilderrahmen<\/a><\/li>\n\n\n\n<li><a href=\"http:\/\/kebigrafie.de\/?attachment_id=95\">Rotes Sofa<\/a> 10,-\u20ac*<\/li>\n\n\n\n<li>Kandarenzaum<\/li>\n\n\n\n<li>Verschiedene Showhalfter<\/li>\n\n\n\n<li>Seifenblasenmaschine 5,-\u20ac*<\/li>\n\n\n\n<li>Anfahrt 0,30\u20ac* pro gefahrenem Kilometer, die ersten 50 Kilometer frei<\/li>\n\n\n\n<li>Jedes weitere bearbeitete Bild (auf digitalem Speichermedium) 20,-\u20ac*<\/li>\n\n\n\n<li>Wunschfoto als Poster, verschiedene Gr\u00f6ssen, auf Anfrage<\/li>\n\n\n\n<li>Wunschfoto auf Leinwand, verschiedene Gr\u00f6ssen, auf Anfrage<\/li>\n\n\n\n<li>Gewerbliche Nutzung, auf Anfrage<\/li>\n<\/ul>\n\n\n\n<p><\/p>\n\n\n<p>*Alle angegebenen Preise sind Endpreise zzgl. etwaiger Liefer-\/Versandkosten und\/oder Fahrkosten. Aufgrund meines Kleinunternehmerstatus gem. \u00a7 19 UStG erhebe ich keine Umsatzsteuer und weise diese daher auch nicht aus.<\/p>\n\n\n<p><em><br><\/em><\/p>\n\n\n<h1><span style=\"color: #ff0000;\">Geschenkgutscheine<\/span><\/h1>\n<p>Das besondere Geschenk f\u00fcr alle Tierliebhaber.<\/p>\n<p>WERTVOLLE ERINNERUNG<\/p>\n<p>UNVERGESSLICHE MOMENTE<\/p>\n<p>FESTGEHALTEN IN BILDERN<\/p>\n<p>Ein sch\u00f6nes Portrait von Deinem Liebling, ein actionreiches Bild in der Bewegung, romantische Aufnahmen im Zauberlicht oder ein stimmungsvolles Foto im Studio, der entsprechenden Jahreszeit angepasst &#8211; es gibt unendlich viele M\u00f6glichkeiten f\u00fcr bleibende Erinnerungen.<\/p>\n<p>Verschenke einen Gutschein f\u00fcr ein individuelles Tierfotoshooting.<\/p>\n\n\n<h2 class=\"wp-block-heading\"><br><\/h2>\n\n\n\n<p><\/p>\n\n\n\n<p><\/p>\n","protected":false},"excerpt":{"rendered":"<p>Preise \/ Leistungen Pferdeshooting Basic 199,-\u20ac* Pferdeshooting im mobilen Studio 199,-\u20ac* Hundeshooting Basic 199,-\u20ac* Hundeshooting im Studio 199,-\u20ac* Individuelle Fotoshootings, auf Anfrage Optional \/ Zusatzleistungen *Alle angegebenen Preise sind Endpreise zzgl. etwaiger Liefer-\/Versandkosten und\/oder Fahrkosten. Aufgrund meines Kleinunternehmerstatus gem. \u00a7 19 UStG erhebe ich keine Umsatzsteuer und weise diese daher auch nicht aus. Geschenkgutscheine Das &hellip; <a href=\"http:\/\/kebigrafie.de\/?page_id=612\" class=\"more-link\">Weiterlesen <span class=\"screen-reader-text\">Preise \/ Leistungen<\/span> <span class=\"meta-nav\">&rarr;<\/span><\/a><\/p>\n","protected":false},"author":1,"featured_media":0,"parent":41,"menu_order":0,"comment_status":"closed","ping_status":"closed","template":"","meta":{"footnotes":""},"class_list":["post-612","page","type-page","status-publish","hentry"],"_links":{"self":[{"href":"http:\/\/kebigrafie.de\/index.php?rest_route=\/wp\/v2\/pages\/612","targetHints":{"allow":["GET"]}}],"collection":[{"href":"http:\/\/kebigrafie.de\/index.php?rest_route=\/wp\/v2\/pages"}],"about":[{"href":"http:\/\/kebigrafie.de\/index.php?rest_route=\/wp\/v2\/types\/page"}],"author":[{"embeddable":true,"href":"http:\/\/kebigrafie.de\/index.php?rest_route=\/wp\/v2\/users\/1"}],"replies":[{"embeddable":true,"href":"http:\/\/kebigrafie.de\/index.php?rest_route=%2Fwp%2Fv2%2Fcomments&post=612"}],"version-history":[{"count":40,"href":"http:\/\/kebigrafie.de\/index.php?rest_route=\/wp\/v2\/pages\/612\/revisions"}],"predecessor-version":[{"id":1415,"href":"http:\/\/kebigrafie.de\/index.php?rest_route=\/wp\/v2\/pages\/612\/revisions\/1415"}],"up":[{"embeddable":true,"href":"http:\/\/kebigrafie.de\/index.php?rest_route=\/wp\/v2\/pages\/41"}],"wp:attachment":[{"href":"http:\/\/kebigrafie.de\/index.php?rest_route=%2Fwp%2Fv2%2Fmedia&parent=612"}],"curies":[{"name":"wp","href":"https:\/\/api.w.org\/{rel}","templated":true}]}}